{"id":14,"date":"2020-02-15T10:36:19","date_gmt":"2020-02-15T10:36:19","guid":{"rendered":"https:\/\/the7.io\/logistics\/?page_id=14"},"modified":"2023-10-26T11:00:27","modified_gmt":"2023-10-26T11:00:27","slug":"nuestra-flota","status":"publish","type":"page","link":"https:\/\/transportesfrigorificospadilla.com\/index.php\/nuestra-flota\/","title":{"rendered":"Nuestra Flota"},"content":{"rendered":"\t\t<div data-elementor-type=\"wp-page\" data-elementor-id=\"14\" class=\"elementor elementor-14\" data-elementor-post-type=\"page\">\n\t\t\t\t\t\t\t\t\t<section class=\"elementor-section elementor-top-section elementor-element elementor-element-24b9a80 elementor-section-content-middle elementor-section-boxed elementor-section-height-default elementor-section-height-default\" data-id=\"24b9a80\" data-element_type=\"section\">\n\t\t\t\t\t\t<div class=\"elementor-container elementor-column-gap-wider\">\n\t\t\t\t\t<div class=\"elementor-column elementor-col-50 elementor-top-column elementor-element elementor-element-3495067\" data-id=\"3495067\" data-element_type=\"column\">\n\t\t\t<div class=\"elementor-widget-wrap elementor-element-populated\">\n\t\t\t\t\t\t\t\t<div class=\"elementor-element elementor-element-2d6ff27 elementor-widget elementor-widget-heading\" data-id=\"2d6ff27\" data-element_type=\"widget\" data-widget_type=\"heading.default\">\n\t\t\t\t<div class=\"elementor-widget-container\">\n\t\t\t<h3 class=\"elementor-heading-title elementor-size-default\">NUESTRA FLOTA<\/h3>\t\t<\/div>\n\t\t\t\t<\/div>\n\t\t\t\t\t<\/div>\n\t\t<\/div>\n\t\t\t\t<div class=\"elementor-column elementor-col-50 elementor-top-column elementor-element elementor-element-ad93ef6\" data-id=\"ad93ef6\" data-element_type=\"column\">\n\t\t\t<div class=\"elementor-widget-wrap elementor-element-populated\">\n\t\t\t\t\t\t\t\t<div class=\"elementor-element elementor-element-f7c9f2e elementor-widget__width-auto elementor-widget elementor-widget-heading\" data-id=\"f7c9f2e\" data-element_type=\"widget\" data-widget_type=\"heading.default\">\n\t\t\t\t<div class=\"elementor-widget-container\">\n\t\t\t<h3 class=\"elementor-heading-title elementor-size-default\">La flota que garantiza la frescura de tus productos\n\n<\/h3>\t\t<\/div>\n\t\t\t\t<\/div>\n\t\t\t\t\t<\/div>\n\t\t<\/div>\n\t\t\t\t\t\t\t<\/div>\n\t\t<\/section>\n\t\t\t\t<section class=\"elementor-section elementor-top-section elementor-element elementor-element-5298b4d elementor-section-boxed elementor-section-height-default elementor-section-height-default\" data-id=\"5298b4d\" data-element_type=\"section\">\n\t\t\t\t\t\t<div class=\"elementor-container elementor-column-gap-default\">\n\t\t\t\t\t<div class=\"elementor-column elementor-col-100 elementor-top-column elementor-element elementor-element-0d4579e\" data-id=\"0d4579e\" data-element_type=\"column\">\n\t\t\t<div class=\"elementor-widget-wrap elementor-element-populated\">\n\t\t\t\t\t\t\t\t<div class=\"elementor-element elementor-element-a45ea54 elementor-widget elementor-widget-text-editor\" data-id=\"a45ea54\" data-element_type=\"widget\" data-widget_type=\"text-editor.default\">\n\t\t\t\t<div class=\"elementor-widget-container\">\n\t\t\t\t\t\t\t<p><span style=\"font-weight: 400;\">Nuestra flota de camiones representa la esencia de la profesionalidad y la eficiencia en el transporte de mercanc\u00edas. Contamos con una impresionante variedad de veh\u00edculos equipados con sistemas de refrigeraci\u00f3n de vanguardia, que aseguran el mantenimiento de la temperatura en tiempo real durante todo el trayecto.<\/span><\/p>\t\t\t\t\t\t<\/div>\n\t\t\t\t<\/div>\n\t\t\t\t\t<\/div>\n\t\t<\/div>\n\t\t\t\t\t\t\t<\/div>\n\t\t<\/section>\n\t\t\t\t<section class=\"elementor-section elementor-top-section elementor-element elementor-element-89429a5 elementor-section-boxed elementor-section-height-default elementor-section-height-default\" data-id=\"89429a5\" data-element_type=\"section\">\n\t\t\t\t\t\t<div class=\"elementor-container elementor-column-gap-wider\">\n\t\t\t\t\t<div class=\"elementor-column elementor-col-100 elementor-top-column elementor-element elementor-element-7c339e62\" data-id=\"7c339e62\" data-element_type=\"column\">\n\t\t\t<div class=\"elementor-widget-wrap elementor-element-populated\">\n\t\t\t\t\t\t\t\t<div class=\"elementor-element elementor-element-aee4a1f preserve-img-ratio-cover elementor-widget elementor-widget-the7_elements\" data-id=\"aee4a1f\" data-element_type=\"widget\" data-widget_type=\"the7_elements.default\">\n\t\t\t\t<div class=\"elementor-widget-container\">\n\t\t\t<div class=\"portfolio-shortcode the7-elementor-widget the7_elements-aee4a1f mode-grid dt-css-grid-wrap classic-layout-list description-under-image meta-info-off content-bg-on resize-by-browser-width loading-effect-none\" data-padding=\"60px\" data-mobile-columns-num=\"1\" data-tablet-columns-num=\"2\" data-desktop-columns-num=\"3\" data-wide-desktop-columns-num=\"3\" data-post-limit=\"-1\" data-pagination-mode=\"standard\" data-scroll-offset=\"\"><div class=\"dt-css-grid custom-pagination-handler\"><div class=\"visible wf-cell\" data-post-id=\"494\" data-date=\"2020-02-19T23:46:00+00:00\" data-name=\"Tractoras Mercedes\"><article class=\"post visible post-494 transport type-transport status-publish has-post-thumbnail hentry transport_category-tractoras\" data-name=\"Tractoras Mercedes\" data-date=\"2020-02-19T23:46:00+00:00\">\n\n\t<div class=\"post-thumbnail-wrap\">\n\t\t<div class=\"post-thumbnail\">\n\n\t\t\t<a class=\"post-thumbnail-rollover layzr-bg img-css-resize-wrapper\" aria-label=\"Post image\" href=\"https:\/\/transportesfrigorificospadilla.com\/index.php\/transport\/tractoras-mercedes\/\"><img fetchpriority=\"high\" decoding=\"async\" width=\"2560\" height=\"1920\" src=\"data:image\/svg+xml,%3Csvg%20xmlns%3D&#039;http%3A%2F%2Fwww.w3.org%2F2000%2Fsvg&#039;%20viewBox%3D&#039;0%200%202560%201920&#039;%2F%3E\" class=\"attachment-full size-full preload-me aspect lazy lazy-load\" alt=\"tractora mercedes\" sizes=\"(max-width: 2560px) 100vw, 2560px\" style=\"--ratio: 2560 \/ 1920;\" data-src=\"https:\/\/transportesfrigorificospadilla.com\/wp-content\/uploads\/2023\/09\/20201210_131157-scaled.jpg\" loading=\"eager\" data-srcset=\"https:\/\/transportesfrigorificospadilla.com\/wp-content\/uploads\/2023\/09\/20201210_131157-scaled.jpg 2560w, https:\/\/transportesfrigorificospadilla.com\/wp-content\/uploads\/2023\/09\/20201210_131157-300x225.jpg 300w, https:\/\/transportesfrigorificospadilla.com\/wp-content\/uploads\/2023\/09\/20201210_131157-1024x768.jpg 1024w, https:\/\/transportesfrigorificospadilla.com\/wp-content\/uploads\/2023\/09\/20201210_131157-768x576.jpg 768w, https:\/\/transportesfrigorificospadilla.com\/wp-content\/uploads\/2023\/09\/20201210_131157-1536x1152.jpg 1536w, https:\/\/transportesfrigorificospadilla.com\/wp-content\/uploads\/2023\/09\/20201210_131157-2048x1536.jpg 2048w\" \/><\/a>\n\t\t<\/div>\n\t<\/div>\n\n\n<div class=\"post-entry-content\">\n\n\t<h3 class=\"ele-entry-title\"><a href=\"https:\/\/transportesfrigorificospadilla.com\/index.php\/transport\/tractoras-mercedes\/\" rel=\"bookmark\" title=\"Tractoras Mercedes\">Tractoras Mercedes<\/a><\/h3><div class=\"entry-excerpt\"><p>Las tractoras Mercedes son una elecci\u00f3n de calidad y confiabilidad en el transporte frigor\u00edfico, gracias a su prestigio, tecnolog\u00eda, comodidad, eficiencia y sostenibilidad.<\/p>\n<\/div>\n<\/div><\/article><\/div><div class=\"visible wf-cell\" data-post-id=\"481\" data-date=\"2020-02-19T23:26:55+00:00\" data-name=\"Tractoras MAN\"><article class=\"post visible post-481 transport type-transport status-publish has-post-thumbnail hentry transport_category-tractoras\" data-name=\"Tractoras MAN\" data-date=\"2020-02-19T23:26:55+00:00\">\n\n\t<div class=\"post-thumbnail-wrap\">\n\t\t<div class=\"post-thumbnail\">\n\n\t\t\t<a class=\"post-thumbnail-rollover layzr-bg img-css-resize-wrapper\" aria-label=\"Post image\" href=\"https:\/\/transportesfrigorificospadilla.com\/index.php\/transport\/tractoras-man\/\"><img decoding=\"async\" width=\"2560\" height=\"1920\" src=\"data:image\/svg+xml,%3Csvg%20xmlns%3D&#039;http%3A%2F%2Fwww.w3.org%2F2000%2Fsvg&#039;%20viewBox%3D&#039;0%200%202560%201920&#039;%2F%3E\" class=\"attachment-full size-full preload-me aspect lazy lazy-load\" alt=\"tractora man\" sizes=\"(max-width: 2560px) 100vw, 2560px\" style=\"--ratio: 2560 \/ 1920;\" data-src=\"https:\/\/transportesfrigorificospadilla.com\/wp-content\/uploads\/2023\/09\/20190810_100340-scaled.jpg\" loading=\"eager\" data-srcset=\"https:\/\/transportesfrigorificospadilla.com\/wp-content\/uploads\/2023\/09\/20190810_100340-scaled.jpg 2560w, https:\/\/transportesfrigorificospadilla.com\/wp-content\/uploads\/2023\/09\/20190810_100340-300x225.jpg 300w, https:\/\/transportesfrigorificospadilla.com\/wp-content\/uploads\/2023\/09\/20190810_100340-1024x768.jpg 1024w, https:\/\/transportesfrigorificospadilla.com\/wp-content\/uploads\/2023\/09\/20190810_100340-768x576.jpg 768w, https:\/\/transportesfrigorificospadilla.com\/wp-content\/uploads\/2023\/09\/20190810_100340-1536x1152.jpg 1536w, https:\/\/transportesfrigorificospadilla.com\/wp-content\/uploads\/2023\/09\/20190810_100340-2048x1536.jpg 2048w\" \/><\/a>\n\t\t<\/div>\n\t<\/div>\n\n\n<div class=\"post-entry-content\">\n\n\t<h3 class=\"ele-entry-title\"><a href=\"https:\/\/transportesfrigorificospadilla.com\/index.php\/transport\/tractoras-man\/\" rel=\"bookmark\" title=\"Tractoras MAN\">Tractoras MAN<\/a><\/h3><div class=\"entry-excerpt\"><p>Las tractoras MAN se destacan en el transporte frigor\u00edfico gracias a su rendimiento, tecnolog\u00eda avanzada, comodidad para el conductor y eficiencia.<\/p>\n<\/div>\n<\/div><\/article><\/div><div class=\"visible wf-cell\" data-post-id=\"467\" data-date=\"2020-02-19T23:06:13+00:00\" data-name=\"Tractoras Scania\"><article class=\"post visible post-467 transport type-transport status-publish has-post-thumbnail hentry transport_category-tractoras\" data-name=\"Tractoras Scania\" data-date=\"2020-02-19T23:06:13+00:00\">\n\n\t<div class=\"post-thumbnail-wrap\">\n\t\t<div class=\"post-thumbnail\">\n\n\t\t\t<a class=\"post-thumbnail-rollover layzr-bg img-css-resize-wrapper\" aria-label=\"Post image\" href=\"https:\/\/transportesfrigorificospadilla.com\/index.php\/transport\/tractoras-scania\/\"><img decoding=\"async\" width=\"1975\" height=\"1629\" src=\"data:image\/svg+xml,%3Csvg%20xmlns%3D&#039;http%3A%2F%2Fwww.w3.org%2F2000%2Fsvg&#039;%20viewBox%3D&#039;0%200%201975%201629&#039;%2F%3E\" class=\"attachment-full size-full preload-me aspect lazy lazy-load\" alt=\"tractoras scania\" sizes=\"(max-width: 1975px) 100vw, 1975px\" style=\"--ratio: 1975 \/ 1629;\" data-src=\"https:\/\/transportesfrigorificospadilla.com\/wp-content\/uploads\/2023\/09\/20190803_104541-scaled-e1698229943277.jpg\" loading=\"eager\" data-srcset=\"https:\/\/transportesfrigorificospadilla.com\/wp-content\/uploads\/2023\/09\/20190803_104541-scaled-e1698229943277.jpg 1975w, https:\/\/transportesfrigorificospadilla.com\/wp-content\/uploads\/2023\/09\/20190803_104541-scaled-e1698229943277-300x247.jpg 300w, https:\/\/transportesfrigorificospadilla.com\/wp-content\/uploads\/2023\/09\/20190803_104541-scaled-e1698229943277-1024x845.jpg 1024w, https:\/\/transportesfrigorificospadilla.com\/wp-content\/uploads\/2023\/09\/20190803_104541-scaled-e1698229943277-768x633.jpg 768w, https:\/\/transportesfrigorificospadilla.com\/wp-content\/uploads\/2023\/09\/20190803_104541-scaled-e1698229943277-1536x1267.jpg 1536w\" \/><\/a>\n\t\t<\/div>\n\t<\/div>\n\n\n<div class=\"post-entry-content\">\n\n\t<h3 class=\"ele-entry-title\"><a href=\"https:\/\/transportesfrigorificospadilla.com\/index.php\/transport\/tractoras-scania\/\" rel=\"bookmark\" title=\"Tractoras Scania\">Tractoras Scania<\/a><\/h3><div class=\"entry-excerpt\"><p>Las tractoras Scania sobresalen como una elecci\u00f3n destacada en el transporte frigor\u00edfico gracias a su durabilidad, eficiencia y potencia.<\/p>\n<\/div>\n<\/div><\/article><\/div><div class=\"visible wf-cell\" data-post-id=\"462\" data-date=\"2020-02-19T22:55:08+00:00\" data-name=\"Tractoras DAF\"><article class=\"post visible post-462 transport type-transport status-publish has-post-thumbnail hentry transport_category-tractoras\" data-name=\"Tractoras DAF\" data-date=\"2020-02-19T22:55:08+00:00\">\n\n\t<div class=\"post-thumbnail-wrap\">\n\t\t<div class=\"post-thumbnail\">\n\n\t\t\t<a class=\"post-thumbnail-rollover layzr-bg img-css-resize-wrapper\" aria-label=\"Post image\" href=\"https:\/\/transportesfrigorificospadilla.com\/index.php\/transport\/tractoras-daf\/\"><img decoding=\"async\" width=\"1152\" height=\"1250\" src=\"data:image\/svg+xml,%3Csvg%20xmlns%3D&#039;http%3A%2F%2Fwww.w3.org%2F2000%2Fsvg&#039;%20viewBox%3D&#039;0%200%201152%201250&#039;%2F%3E\" class=\"attachment-full size-full preload-me aspect lazy lazy-load\" alt=\"tractoras daf\" sizes=\"(max-width: 1152px) 100vw, 1152px\" style=\"--ratio: 1152 \/ 1250;\" data-src=\"https:\/\/transportesfrigorificospadilla.com\/wp-content\/uploads\/2023\/09\/20221017_121852-scaled-e1698230087603.jpg\" loading=\"eager\" data-srcset=\"https:\/\/transportesfrigorificospadilla.com\/wp-content\/uploads\/2023\/09\/20221017_121852-scaled-e1698230087603.jpg 1152w, https:\/\/transportesfrigorificospadilla.com\/wp-content\/uploads\/2023\/09\/20221017_121852-scaled-e1698230087603-276x300.jpg 276w, https:\/\/transportesfrigorificospadilla.com\/wp-content\/uploads\/2023\/09\/20221017_121852-scaled-e1698230087603-944x1024.jpg 944w, https:\/\/transportesfrigorificospadilla.com\/wp-content\/uploads\/2023\/09\/20221017_121852-scaled-e1698230087603-768x833.jpg 768w\" \/><\/a>\n\t\t<\/div>\n\t<\/div>\n\n\n<div class=\"post-entry-content\">\n\n\t<h3 class=\"ele-entry-title\"><a href=\"https:\/\/transportesfrigorificospadilla.com\/index.php\/transport\/tractoras-daf\/\" rel=\"bookmark\" title=\"Tractoras DAF\">Tractoras DAF<\/a><\/h3><div class=\"entry-excerpt\"><p>Las tractoras DAF son una gran elecci\u00f3n en el transporte frigor\u00edfico, gracias a su durabilidad, tecnolog\u00eda avanzada y eficiencia.<\/p>\n<\/div>\n<\/div><\/article><\/div><\/div><!-- iso-container|iso-grid --><\/div>\t\t<\/div>\n\t\t\t\t<\/div>\n\t\t\t\t\t<\/div>\n\t\t<\/div>\n\t\t\t\t\t\t\t<\/div>\n\t\t<\/section>\n\t\t\t\t<section class=\"elementor-section elementor-top-section elementor-element elementor-element-6ceae51 elementor-section-boxed elementor-section-height-default elementor-section-height-default\" data-id=\"6ceae51\" data-element_type=\"section\">\n\t\t\t\t\t\t<div class=\"elementor-container elementor-column-gap-default\">\n\t\t\t\t\t<div class=\"elementor-column elementor-col-100 elementor-top-column elementor-element elementor-element-737b6d7\" data-id=\"737b6d7\" data-element_type=\"column\">\n\t\t\t<div class=\"elementor-widget-wrap elementor-element-populated\">\n\t\t\t\t\t\t\t\t<div class=\"elementor-element elementor-element-beffc09 elementor-widget elementor-widget-text-editor\" data-id=\"beffc09\" data-element_type=\"widget\" data-widget_type=\"text-editor.default\">\n\t\t\t\t<div class=\"elementor-widget-container\">\n\t\t\t\t\t\t\t<p><span style=\"font-weight: 400;\">La clave de nuestro \u00e9xito radica en nuestra capacidad para garantizar la integridad de la carga. Cada uno de nuestros camiones r\u00edgidos, equipados con sistemas de fr\u00edo de \u00faltima generaci\u00f3n, permite un control preciso y constante de la temperatura. Esto se traduce en un viaje sin preocupaciones para nuestros clientes, sabiendo que sus productos se mantienen frescos y seguros en todo momento.<\/span><\/p><p>\u00a0<\/p><p><span style=\"font-weight: 400;\">Nuestro compromiso con la calidad y la atenci\u00f3n meticulosa a los detalles se refleja en la fiabilidad de nuestros equipos de refrigeraci\u00f3n. La temperatura se monitoriza y ajusta autom\u00e1ticamente para garantizar que su mercanc\u00eda llegue en las condiciones \u00f3ptimas.<\/span><\/p>\t\t\t\t\t\t<\/div>\n\t\t\t\t<\/div>\n\t\t\t\t\t<\/div>\n\t\t<\/div>\n\t\t\t\t\t\t\t<\/div>\n\t\t<\/section>\n\t\t\t\t<section class=\"elementor-section elementor-top-section elementor-element elementor-element-5491c60 elementor-section-boxed elementor-section-height-default elementor-section-height-default\" data-id=\"5491c60\" data-element_type=\"section\">\n\t\t\t\t\t\t<div class=\"elementor-container elementor-column-gap-default\">\n\t\t\t\t\t<div class=\"elementor-column elementor-col-100 elementor-top-column elementor-element elementor-element-90a5501\" data-id=\"90a5501\" data-element_type=\"column\">\n\t\t\t<div class=\"elementor-widget-wrap elementor-element-populated\">\n\t\t\t\t\t\t\t\t<div class=\"elementor-element elementor-element-1871f11 elementor-widget elementor-widget-spacer\" data-id=\"1871f11\" data-element_type=\"widget\" data-widget_type=\"spacer.default\">\n\t\t\t\t<div class=\"elementor-widget-container\">\n\t\t\t\t\t<div class=\"elementor-spacer\">\n\t\t\t<div class=\"elementor-spacer-inner\"><\/div>\n\t\t<\/div>\n\t\t\t\t<\/div>\n\t\t\t\t<\/div>\n\t\t\t\t\t<\/div>\n\t\t<\/div>\n\t\t\t\t\t\t\t<\/div>\n\t\t<\/section>\n\t\t\t\t\t\t\t<\/div>\n\t\t","protected":false},"excerpt":{"rendered":"<p>NUESTRA FLOTA La flota que garantiza la frescura de tus productos Nuestra flota de camiones representa la esencia de la profesionalidad y la eficiencia en el transporte de mercanc\u00edas. Contamos con una impresionante variedad de veh\u00edculos equipados con sistemas de refrigeraci\u00f3n de vanguardia, que aseguran el mantenimiento de la temperatura en tiempo real durante todo&hellip;<\/p>\n","protected":false},"author":1,"featured_media":0,"parent":0,"menu_order":30,"comment_status":"closed","ping_status":"closed","template":"","meta":{"footnotes":""},"class_list":["post-14","page","type-page","status-publish","hentry"],"yoast_head":"<!-- This site is optimized with the Yoast SEO plugin v21.4 - https:\/\/yoast.com\/wordpress\/plugins\/seo\/ -->\n<title>Nuestra Flota - Transportes Frigor&iacute;ficos Padilla<\/title>\n<meta name=\"description\" content=\"Nuestra flota cuenta con una impresionante variedad de veh\u00edculos equipados con sistemas de refrigeraci\u00f3n de vanguardia.\" \/>\n<meta name=\"robots\" content=\"index, follow, max-snippet:-1, max-image-preview:large, max-video-preview:-1\" \/>\n<link rel=\"canonical\" href=\"https:\/\/transportesfrigorificospadilla.com\/index.php\/nuestra-flota\/\" \/>\n<meta property=\"og:locale\" content=\"es_ES\" \/>\n<meta property=\"og:type\" content=\"article\" \/>\n<meta property=\"og:title\" content=\"Nuestra Flota - Transportes Frigor&iacute;ficos Padilla\" \/>\n<meta property=\"og:description\" content=\"Nuestra flota cuenta con una impresionante variedad de veh\u00edculos equipados con sistemas de refrigeraci\u00f3n de vanguardia.\" \/>\n<meta property=\"og:url\" content=\"https:\/\/transportesfrigorificospadilla.com\/index.php\/nuestra-flota\/\" \/>\n<meta property=\"og:site_name\" content=\"Transportes Frigor&iacute;ficos Padilla\" \/>\n<meta property=\"article:modified_time\" content=\"2023-10-26T11:00:27+00:00\" \/>\n<meta name=\"twitter:card\" content=\"summary_large_image\" \/>\n<meta name=\"twitter:label1\" content=\"Tiempo de lectura\" \/>\n\t<meta name=\"twitter:data1\" content=\"2 minutos\" \/>\n<script type=\"application\/ld+json\" class=\"yoast-schema-graph\">{\"@context\":\"https:\/\/schema.org\",\"@graph\":[{\"@type\":\"WebPage\",\"@id\":\"https:\/\/transportesfrigorificospadilla.com\/index.php\/nuestra-flota\/\",\"url\":\"https:\/\/transportesfrigorificospadilla.com\/index.php\/nuestra-flota\/\",\"name\":\"Nuestra Flota - Transportes Frigor&iacute;ficos Padilla\",\"isPartOf\":{\"@id\":\"https:\/\/transportesfrigorificospadilla.com\/#website\"},\"datePublished\":\"2020-02-15T10:36:19+00:00\",\"dateModified\":\"2023-10-26T11:00:27+00:00\",\"description\":\"Nuestra flota cuenta con una impresionante variedad de veh\u00edculos equipados con sistemas de refrigeraci\u00f3n de vanguardia.\",\"breadcrumb\":{\"@id\":\"https:\/\/transportesfrigorificospadilla.com\/index.php\/nuestra-flota\/#breadcrumb\"},\"inLanguage\":\"es\",\"potentialAction\":[{\"@type\":\"ReadAction\",\"target\":[\"https:\/\/transportesfrigorificospadilla.com\/index.php\/nuestra-flota\/\"]}]},{\"@type\":\"BreadcrumbList\",\"@id\":\"https:\/\/transportesfrigorificospadilla.com\/index.php\/nuestra-flota\/#breadcrumb\",\"itemListElement\":[{\"@type\":\"ListItem\",\"position\":1,\"name\":\"Portada\",\"item\":\"https:\/\/transportesfrigorificospadilla.com\/\"},{\"@type\":\"ListItem\",\"position\":2,\"name\":\"Nuestra Flota\"}]},{\"@type\":\"WebSite\",\"@id\":\"https:\/\/transportesfrigorificospadilla.com\/#website\",\"url\":\"https:\/\/transportesfrigorificospadilla.com\/\",\"name\":\"Transportes Frigor&iacute;ficos Padilla\",\"description\":\"\",\"publisher\":{\"@id\":\"https:\/\/transportesfrigorificospadilla.com\/#organization\"},\"potentialAction\":[{\"@type\":\"SearchAction\",\"target\":{\"@type\":\"EntryPoint\",\"urlTemplate\":\"https:\/\/transportesfrigorificospadilla.com\/?s={search_term_string}\"},\"query-input\":\"required name=search_term_string\"}],\"inLanguage\":\"es\"},{\"@type\":\"Organization\",\"@id\":\"https:\/\/transportesfrigorificospadilla.com\/#organization\",\"name\":\"Transportes Frigor&iacute;ficos Padilla\",\"url\":\"https:\/\/transportesfrigorificospadilla.com\/\",\"logo\":{\"@type\":\"ImageObject\",\"inLanguage\":\"es\",\"@id\":\"https:\/\/transportesfrigorificospadilla.com\/#\/schema\/logo\/image\/\",\"url\":\"https:\/\/transportesfrigorificospadilla.com\/wp-content\/uploads\/2023\/08\/logo-padilla.png\",\"contentUrl\":\"https:\/\/transportesfrigorificospadilla.com\/wp-content\/uploads\/2023\/08\/logo-padilla.png\",\"width\":1204,\"height\":428,\"caption\":\"Transportes Frigor&iacute;ficos Padilla\"},\"image\":{\"@id\":\"https:\/\/transportesfrigorificospadilla.com\/#\/schema\/logo\/image\/\"}}]}<\/script>\n<!-- \/ Yoast SEO plugin. -->","yoast_head_json":{"title":"Nuestra Flota - Transportes Frigor&iacute;ficos Padilla","description":"Nuestra flota cuenta con una impresionante variedad de veh\u00edculos equipados con sistemas de refrigeraci\u00f3n de vanguardia.","robots":{"index":"index","follow":"follow","max-snippet":"max-snippet:-1","max-image-preview":"max-image-preview:large","max-video-preview":"max-video-preview:-1"},"canonical":"https:\/\/transportesfrigorificospadilla.com\/index.php\/nuestra-flota\/","og_locale":"es_ES","og_type":"article","og_title":"Nuestra Flota - Transportes Frigor&iacute;ficos Padilla","og_description":"Nuestra flota cuenta con una impresionante variedad de veh\u00edculos equipados con sistemas de refrigeraci\u00f3n de vanguardia.","og_url":"https:\/\/transportesfrigorificospadilla.com\/index.php\/nuestra-flota\/","og_site_name":"Transportes Frigor&iacute;ficos Padilla","article_modified_time":"2023-10-26T11:00:27+00:00","twitter_card":"summary_large_image","twitter_misc":{"Tiempo de lectura":"2 minutos"},"schema":{"@context":"https:\/\/schema.org","@graph":[{"@type":"WebPage","@id":"https:\/\/transportesfrigorificospadilla.com\/index.php\/nuestra-flota\/","url":"https:\/\/transportesfrigorificospadilla.com\/index.php\/nuestra-flota\/","name":"Nuestra Flota - Transportes Frigor&iacute;ficos Padilla","isPartOf":{"@id":"https:\/\/transportesfrigorificospadilla.com\/#website"},"datePublished":"2020-02-15T10:36:19+00:00","dateModified":"2023-10-26T11:00:27+00:00","description":"Nuestra flota cuenta con una impresionante variedad de veh\u00edculos equipados con sistemas de refrigeraci\u00f3n de vanguardia.","breadcrumb":{"@id":"https:\/\/transportesfrigorificospadilla.com\/index.php\/nuestra-flota\/#breadcrumb"},"inLanguage":"es","potentialAction":[{"@type":"ReadAction","target":["https:\/\/transportesfrigorificospadilla.com\/index.php\/nuestra-flota\/"]}]},{"@type":"BreadcrumbList","@id":"https:\/\/transportesfrigorificospadilla.com\/index.php\/nuestra-flota\/#breadcrumb","itemListElement":[{"@type":"ListItem","position":1,"name":"Portada","item":"https:\/\/transportesfrigorificospadilla.com\/"},{"@type":"ListItem","position":2,"name":"Nuestra Flota"}]},{"@type":"WebSite","@id":"https:\/\/transportesfrigorificospadilla.com\/#website","url":"https:\/\/transportesfrigorificospadilla.com\/","name":"Transportes Frigor&iacute;ficos Padilla","description":"","publisher":{"@id":"https:\/\/transportesfrigorificospadilla.com\/#organization"},"potentialAction":[{"@type":"SearchAction","target":{"@type":"EntryPoint","urlTemplate":"https:\/\/transportesfrigorificospadilla.com\/?s={search_term_string}"},"query-input":"required name=search_term_string"}],"inLanguage":"es"},{"@type":"Organization","@id":"https:\/\/transportesfrigorificospadilla.com\/#organization","name":"Transportes Frigor&iacute;ficos Padilla","url":"https:\/\/transportesfrigorificospadilla.com\/","logo":{"@type":"ImageObject","inLanguage":"es","@id":"https:\/\/transportesfrigorificospadilla.com\/#\/schema\/logo\/image\/","url":"https:\/\/transportesfrigorificospadilla.com\/wp-content\/uploads\/2023\/08\/logo-padilla.png","contentUrl":"https:\/\/transportesfrigorificospadilla.com\/wp-content\/uploads\/2023\/08\/logo-padilla.png","width":1204,"height":428,"caption":"Transportes Frigor&iacute;ficos Padilla"},"image":{"@id":"https:\/\/transportesfrigorificospadilla.com\/#\/schema\/logo\/image\/"}}]}},"_links":{"self":[{"href":"https:\/\/transportesfrigorificospadilla.com\/index.php\/wp-json\/wp\/v2\/pages\/14","targetHints":{"allow":["GET"]}}],"collection":[{"href":"https:\/\/transportesfrigorificospadilla.com\/index.php\/wp-json\/wp\/v2\/pages"}],"about":[{"href":"https:\/\/transportesfrigorificospadilla.com\/index.php\/wp-json\/wp\/v2\/types\/page"}],"author":[{"embeddable":true,"href":"https:\/\/transportesfrigorificospadilla.com\/index.php\/wp-json\/wp\/v2\/users\/1"}],"replies":[{"embeddable":true,"href":"https:\/\/transportesfrigorificospadilla.com\/index.php\/wp-json\/wp\/v2\/comments?post=14"}],"version-history":[{"count":14,"href":"https:\/\/transportesfrigorificospadilla.com\/index.php\/wp-json\/wp\/v2\/pages\/14\/revisions"}],"predecessor-version":[{"id":6116,"href":"https:\/\/transportesfrigorificospadilla.com\/index.php\/wp-json\/wp\/v2\/pages\/14\/revisions\/6116"}],"wp:attachment":[{"href":"https:\/\/transportesfrigorificospadilla.com\/index.php\/wp-json\/wp\/v2\/media?parent=14"}],"curies":[{"name":"wp","href":"https:\/\/api.w.org\/{rel}","templated":true}]}}