{"id":16,"date":"2020-02-15T10:36:55","date_gmt":"2020-02-15T10:36:55","guid":{"rendered":"https:\/\/the7.io\/logistics\/?page_id=16"},"modified":"2023-10-18T11:38:26","modified_gmt":"2023-10-18T11:38:26","slug":"servicios-logisticos","status":"publish","type":"page","link":"https:\/\/transportesfrigorificospadilla.com\/index.php\/servicios-logisticos\/","title":{"rendered":"Servicios Log\u00edsticos"},"content":{"rendered":"\t\t<div data-elementor-type=\"wp-page\" data-elementor-id=\"16\" class=\"elementor elementor-16\" data-elementor-post-type=\"page\">\n\t\t\t\t\t\t\t\t\t<section class=\"elementor-section elementor-top-section elementor-element elementor-element-464580a elementor-section-content-middle elementor-section-boxed elementor-section-height-default elementor-section-height-default\" data-id=\"464580a\" data-element_type=\"section\">\n\t\t\t\t\t\t<div class=\"elementor-container elementor-column-gap-wider\">\n\t\t\t\t\t<div class=\"elementor-column elementor-col-50 elementor-top-column elementor-element elementor-element-bd8a27b\" data-id=\"bd8a27b\" data-element_type=\"column\">\n\t\t\t<div class=\"elementor-widget-wrap elementor-element-populated\">\n\t\t\t\t\t\t\t\t<div class=\"elementor-element elementor-element-d709ae5 elementor-widget elementor-widget-heading\" data-id=\"d709ae5\" data-element_type=\"widget\" data-widget_type=\"heading.default\">\n\t\t\t\t<div class=\"elementor-widget-container\">\n\t\t\t<h3 class=\"elementor-heading-title elementor-size-default\">Nuestros Servicios<\/h3>\t\t<\/div>\n\t\t\t\t<\/div>\n\t\t\t\t\t<\/div>\n\t\t<\/div>\n\t\t\t\t<div class=\"elementor-column elementor-col-50 elementor-top-column elementor-element elementor-element-1c65c4e\" data-id=\"1c65c4e\" data-element_type=\"column\">\n\t\t\t<div class=\"elementor-widget-wrap elementor-element-populated\">\n\t\t\t\t\t\t\t\t<div class=\"elementor-element elementor-element-d6b97a3 elementor-widget__width-auto elementor-widget elementor-widget-heading\" data-id=\"d6b97a3\" data-element_type=\"widget\" data-widget_type=\"heading.default\">\n\t\t\t\t<div class=\"elementor-widget-container\">\n\t\t\t<h3 class=\"elementor-heading-title elementor-size-default\">Abarcamos una amplia gama de servicios log\u00edsticos de alta calidad<\/h3>\t\t<\/div>\n\t\t\t\t<\/div>\n\t\t\t\t\t<\/div>\n\t\t<\/div>\n\t\t\t\t\t\t\t<\/div>\n\t\t<\/section>\n\t\t\t\t<section class=\"elementor-section elementor-top-section elementor-element elementor-element-a038824 elementor-section-boxed elementor-section-height-default elementor-section-height-default\" data-id=\"a038824\" data-element_type=\"section\">\n\t\t\t\t\t\t<div class=\"elementor-container elementor-column-gap-default\">\n\t\t\t\t\t<div class=\"elementor-column elementor-col-100 elementor-top-column elementor-element elementor-element-739e33b\" data-id=\"739e33b\" data-element_type=\"column\">\n\t\t\t<div class=\"elementor-widget-wrap elementor-element-populated\">\n\t\t\t\t\t\t\t\t<div class=\"elementor-element elementor-element-788c011 elementor-widget elementor-widget-text-editor\" data-id=\"788c011\" data-element_type=\"widget\" data-widget_type=\"text-editor.default\">\n\t\t\t\t<div class=\"elementor-widget-container\">\n\t\t\t\t\t\t\t<p><span style=\"font-weight: 400;\">Transportes Frigor\u00edficos Padilla, cuenta con un equipo especialista en el transporte de mercanc\u00edas que requieren mantener una temperatura constante.<\/span><\/p>\t\t\t\t\t\t<\/div>\n\t\t\t\t<\/div>\n\t\t\t\t\t<\/div>\n\t\t<\/div>\n\t\t\t\t\t\t\t<\/div>\n\t\t<\/section>\n\t\t\t\t<section class=\"elementor-section elementor-top-section elementor-element elementor-element-62466e7 elementor-section-boxed elementor-section-height-default elementor-section-height-default\" data-id=\"62466e7\" data-element_type=\"section\">\n\t\t\t\t\t\t<div class=\"elementor-container elementor-column-gap-wider\">\n\t\t\t\t\t<div class=\"elementor-column elementor-col-100 elementor-top-column elementor-element elementor-element-f0ae12a\" data-id=\"f0ae12a\" data-element_type=\"column\">\n\t\t\t<div class=\"elementor-widget-wrap elementor-element-populated\">\n\t\t\t\t\t\t\t\t<div class=\"elementor-element elementor-element-f5845f7 preserve-img-ratio-cover elementor-widget elementor-widget-the7_elements\" data-id=\"f5845f7\" data-element_type=\"widget\" data-widget_type=\"the7_elements.default\">\n\t\t\t\t<div class=\"elementor-widget-container\">\n\t\t\t<div class=\"portfolio-shortcode the7-elementor-widget the7_elements-f5845f7 mode-grid dt-css-grid-wrap classic-layout-list description-under-image meta-info-off content-bg-on resize-by-browser-width loading-effect-none\" data-padding=\"60px\" data-mobile-columns-num=\"1\" data-tablet-columns-num=\"2\" data-desktop-columns-num=\"3\" data-wide-desktop-columns-num=\"3\" data-post-limit=\"-1\" data-pagination-mode=\"standard\" data-scroll-offset=\"\"><div class=\"dt-css-grid custom-pagination-handler\"><div class=\"visible wf-cell\" data-post-id=\"152\" data-date=\"2020-02-18T09:37:00+00:00\" data-name=\"Almacenamiento en Fr\u00edo\"><article class=\"post visible post-152 services type-services status-publish has-post-thumbnail hentry service_category-almacenamiento\" data-name=\"Almacenamiento en Fr\u00edo\" data-date=\"2020-02-18T09:37:00+00:00\">\n\n\t<div class=\"post-thumbnail-wrap\">\n\t\t<div class=\"post-thumbnail\">\n\n\t\t\t<a class=\"post-thumbnail-rollover layzr-bg img-css-resize-wrapper\" aria-label=\"Post image\" href=\"https:\/\/transportesfrigorificospadilla.com\/index.php\/services\/almacenamiento-en-frio\/\"><img fetchpriority=\"high\" decoding=\"async\" width=\"1500\" height=\"1000\" src=\"data:image\/svg+xml,%3Csvg%20xmlns%3D&#039;http%3A%2F%2Fwww.w3.org%2F2000%2Fsvg&#039;%20viewBox%3D&#039;0%200%201500%201000&#039;%2F%3E\" class=\"attachment-full size-full preload-me aspect lazy lazy-load\" alt=\"almacenamiento en frio\" sizes=\"(max-width: 1500px) 100vw, 1500px\" style=\"--ratio: 1500 \/ 1000;\" data-src=\"https:\/\/transportesfrigorificospadilla.com\/wp-content\/uploads\/2020\/02\/tr052.jpg\" loading=\"eager\" data-srcset=\"https:\/\/transportesfrigorificospadilla.com\/wp-content\/uploads\/2020\/02\/tr052.jpg 1500w, https:\/\/transportesfrigorificospadilla.com\/wp-content\/uploads\/2020\/02\/tr052-300x200.jpg 300w, https:\/\/transportesfrigorificospadilla.com\/wp-content\/uploads\/2020\/02\/tr052-1024x683.jpg 1024w, https:\/\/transportesfrigorificospadilla.com\/wp-content\/uploads\/2020\/02\/tr052-768x512.jpg 768w\" \/><\/a>\n\t\t<\/div>\n\t<\/div>\n\n\n<div class=\"post-entry-content\">\n\n\t<h3 class=\"ele-entry-title\"><a href=\"https:\/\/transportesfrigorificospadilla.com\/index.php\/services\/almacenamiento-en-frio\/\" rel=\"bookmark\" title=\"Almacenamiento en Fr\u00edo\">Almacenamiento en Fr\u00edo<\/a><\/h3><div class=\"entry-excerpt\"><p>El almacenamiento en fr\u00edo de Transportes Frigor\u00edficos Padilla es la elecci\u00f3n ideal para quienes necesitan preservar la frescura de sus productos antes de su distribuci\u00f3n.<\/p>\n<\/div>\n<\/div><\/article><\/div><div class=\"visible wf-cell\" data-post-id=\"146\" data-date=\"2020-02-18T09:32:38+00:00\" data-name=\"Gesti\u00f3n Integral de la Cadena de Fr\u00edo\"><article class=\"post visible post-146 services type-services status-publish has-post-thumbnail hentry service_category-servicios-adicionales\" data-name=\"Gesti\u00f3n Integral de la Cadena de Fr\u00edo\" data-date=\"2020-02-18T09:32:38+00:00\">\n\n\t<div class=\"post-thumbnail-wrap\">\n\t\t<div class=\"post-thumbnail\">\n\n\t\t\t<a class=\"post-thumbnail-rollover layzr-bg img-css-resize-wrapper\" aria-label=\"Post image\" href=\"https:\/\/transportesfrigorificospadilla.com\/index.php\/services\/gestion-integral-cadena-frio\/\"><img decoding=\"async\" width=\"612\" height=\"408\" src=\"data:image\/svg+xml,%3Csvg%20xmlns%3D&#039;http%3A%2F%2Fwww.w3.org%2F2000%2Fsvg&#039;%20viewBox%3D&#039;0%200%20612%20408&#039;%2F%3E\" class=\"attachment-full size-full preload-me aspect lazy lazy-load\" alt=\"cadena de fr\u00edo\" sizes=\"(max-width: 612px) 100vw, 612px\" style=\"--ratio: 612 \/ 408;\" data-src=\"https:\/\/transportesfrigorificospadilla.com\/wp-content\/uploads\/2020\/02\/istockphoto-685492346-612x612-1.jpg\" loading=\"eager\" data-srcset=\"https:\/\/transportesfrigorificospadilla.com\/wp-content\/uploads\/2020\/02\/istockphoto-685492346-612x612-1.jpg 612w, https:\/\/transportesfrigorificospadilla.com\/wp-content\/uploads\/2020\/02\/istockphoto-685492346-612x612-1-300x200.jpg 300w\" \/><\/a>\n\t\t<\/div>\n\t<\/div>\n\n\n<div class=\"post-entry-content\">\n\n\t<h3 class=\"ele-entry-title\"><a href=\"https:\/\/transportesfrigorificospadilla.com\/index.php\/services\/gestion-integral-cadena-frio\/\" rel=\"bookmark\" title=\"Gesti\u00f3n Integral de la Cadena de Fr\u00edo\">Gesti\u00f3n Integral de la Cadena de Fr\u00edo<\/a><\/h3><div class=\"entry-excerpt\"><p>La gesti\u00f3n integral de la cadena de fr\u00edo garantiza que sus productos perecederos se mantengan en condiciones \u00f3ptimas.<\/p>\n<\/div>\n<\/div><\/article><\/div><div class=\"visible wf-cell\" data-post-id=\"1122\" data-date=\"2020-02-05T20:33:35+00:00\" data-name=\"Distribuci\u00f3n de Mercanc\u00edas Refrigeradas\"><article class=\"post visible post-1122 services type-services status-publish has-post-thumbnail hentry service_category-transporte\" data-name=\"Distribuci\u00f3n de Mercanc\u00edas Refrigeradas\" data-date=\"2020-02-05T20:33:35+00:00\">\n\n\t<div class=\"post-thumbnail-wrap\">\n\t\t<div class=\"post-thumbnail\">\n\n\t\t\t<a class=\"post-thumbnail-rollover layzr-bg img-css-resize-wrapper\" aria-label=\"Post image\" href=\"https:\/\/transportesfrigorificospadilla.com\/index.php\/services\/distribucion-mercancias-refrigera\/\"><img decoding=\"async\" width=\"2560\" height=\"1920\" src=\"data:image\/svg+xml,%3Csvg%20xmlns%3D&#039;http%3A%2F%2Fwww.w3.org%2F2000%2Fsvg&#039;%20viewBox%3D&#039;0%200%202560%201920&#039;%2F%3E\" class=\"attachment-full size-full preload-me aspect lazy lazy-load\" alt=\"Distribuci\u00f3n de Mercanc\u00edas Refrigeradas\" sizes=\"(max-width: 2560px) 100vw, 2560px\" style=\"--ratio: 2560 \/ 1920;\" data-src=\"https:\/\/transportesfrigorificospadilla.com\/wp-content\/uploads\/2023\/09\/20190803_104532-scaled.jpg\" loading=\"eager\" data-srcset=\"https:\/\/transportesfrigorificospadilla.com\/wp-content\/uploads\/2023\/09\/20190803_104532-scaled.jpg 2560w, https:\/\/transportesfrigorificospadilla.com\/wp-content\/uploads\/2023\/09\/20190803_104532-300x225.jpg 300w, https:\/\/transportesfrigorificospadilla.com\/wp-content\/uploads\/2023\/09\/20190803_104532-1024x768.jpg 1024w, https:\/\/transportesfrigorificospadilla.com\/wp-content\/uploads\/2023\/09\/20190803_104532-768x576.jpg 768w, https:\/\/transportesfrigorificospadilla.com\/wp-content\/uploads\/2023\/09\/20190803_104532-1536x1152.jpg 1536w, https:\/\/transportesfrigorificospadilla.com\/wp-content\/uploads\/2023\/09\/20190803_104532-2048x1536.jpg 2048w\" \/><\/a>\n\t\t<\/div>\n\t<\/div>\n\n\n<div class=\"post-entry-content\">\n\n\t<h3 class=\"ele-entry-title\"><a href=\"https:\/\/transportesfrigorificospadilla.com\/index.php\/services\/distribucion-mercancias-refrigera\/\" rel=\"bookmark\" title=\"Distribuci\u00f3n de Mercanc\u00edas Refrigeradas\">Distribuci\u00f3n de Mercanc\u00edas Refrigeradas<\/a><\/h3><div class=\"entry-excerpt\"><p>Nuestro servicio de distribuci\u00f3n de mercanc\u00edas refrigeradas garantiza la entrega puntual de productos frescos y en \u00f3ptimas condiciones.<\/p>\n<\/div>\n<\/div><\/article><\/div><\/div><!-- iso-container|iso-grid --><\/div>\t\t<\/div>\n\t\t\t\t<\/div>\n\t\t\t\t\t<\/div>\n\t\t<\/div>\n\t\t\t\t\t\t\t<\/div>\n\t\t<\/section>\n\t\t\t\t<section class=\"elementor-section elementor-top-section elementor-element elementor-element-0e3b7d9 elementor-section-boxed elementor-section-height-default elementor-section-height-default\" data-id=\"0e3b7d9\" data-element_type=\"section\">\n\t\t\t\t\t\t<div class=\"elementor-container elementor-column-gap-default\">\n\t\t\t\t\t<div class=\"elementor-column elementor-col-100 elementor-top-column elementor-element elementor-element-0dc2fb9\" data-id=\"0dc2fb9\" data-element_type=\"column\">\n\t\t\t<div class=\"elementor-widget-wrap elementor-element-populated\">\n\t\t\t\t\t\t\t\t<div class=\"elementor-element elementor-element-c46c6bf elementor-widget elementor-widget-text-editor\" data-id=\"c46c6bf\" data-element_type=\"widget\" data-widget_type=\"text-editor.default\">\n\t\t\t\t<div class=\"elementor-widget-container\">\n\t\t\t\t\t\t\t<p><span style=\"font-weight: 400;\">Nuestra flota, est\u00e1 equipada con sistemas de fr\u00edo avanzados que garantizan la temperatura constante y adecuada de su carga durante todo el viaje. Nos destacamos por nuestra atenci\u00f3n personalizada y nuestra capacidad para adaptarnos a las necesidades espec\u00edficas de cada cliente, entendemos que una buena relaci\u00f3n con el cliente es primordial.<\/span><\/p><p>\u00a0<\/p><p><span style=\"font-weight: 400;\">En Transportes Frigor\u00edficos Padilla, valoramos cada env\u00edo como si fuera propio, y nuestra dedicaci\u00f3n a la integridad de su carga es inquebrantable. Conf\u00ede en nosotros para entregar sus productos puntualmente y en perfectas condiciones, respaldados por a\u00f1os de experiencia y un servicio comprometido. Somos su socio de confianza en el transporte de mercanc\u00edas sensibles a la temperatura, sin importar el tama\u00f1o de nuestra flota.<\/span><\/p>\t\t\t\t\t\t<\/div>\n\t\t\t\t<\/div>\n\t\t\t\t\t<\/div>\n\t\t<\/div>\n\t\t\t\t\t\t\t<\/div>\n\t\t<\/section>\n\t\t\t\t<section class=\"elementor-section elementor-top-section elementor-element elementor-element-10e7b2a elementor-section-boxed elementor-section-height-default elementor-section-height-default\" data-id=\"10e7b2a\" data-element_type=\"section\">\n\t\t\t\t\t\t<div class=\"elementor-container elementor-column-gap-default\">\n\t\t\t\t\t<div class=\"elementor-column elementor-col-100 elementor-top-column elementor-element elementor-element-c40ac7f\" data-id=\"c40ac7f\" data-element_type=\"column\">\n\t\t\t<div class=\"elementor-widget-wrap elementor-element-populated\">\n\t\t\t\t\t\t\t\t<div class=\"elementor-element elementor-element-b186d63 elementor-widget elementor-widget-spacer\" data-id=\"b186d63\" data-element_type=\"widget\" data-widget_type=\"spacer.default\">\n\t\t\t\t<div class=\"elementor-widget-container\">\n\t\t\t\t\t<div class=\"elementor-spacer\">\n\t\t\t<div class=\"elementor-spacer-inner\"><\/div>\n\t\t<\/div>\n\t\t\t\t<\/div>\n\t\t\t\t<\/div>\n\t\t\t\t\t<\/div>\n\t\t<\/div>\n\t\t\t\t\t\t\t<\/div>\n\t\t<\/section>\n\t\t\t\t\t\t\t<\/div>\n\t\t","protected":false},"excerpt":{"rendered":"<p>Nuestros Servicios Abarcamos una amplia gama de servicios log\u00edsticos de alta calidad Transportes Frigor\u00edficos Padilla, cuenta con un equipo especialista en el transporte de mercanc\u00edas que requieren mantener una temperatura constante. Freight management Quality management of all your logistics. Partial shipments We offer flexible partial shipment services. Road freight Modern trucks &#038; smart logistic solutions.&hellip;<\/p>\n","protected":false},"author":1,"featured_media":154,"parent":0,"menu_order":40,"comment_status":"closed","ping_status":"closed","template":"","meta":{"footnotes":""},"class_list":["post-16","page","type-page","status-publish","has-post-thumbnail","hentry"],"yoast_head":"<!-- This site is optimized with the Yoast SEO plugin v21.4 - https:\/\/yoast.com\/wordpress\/plugins\/seo\/ -->\n<title>Servicios Log\u00edsticos - Transportes Frigor&iacute;ficos Padilla<\/title>\n<meta name=\"robots\" content=\"index, follow, max-snippet:-1, max-image-preview:large, max-video-preview:-1\" \/>\n<link rel=\"canonical\" href=\"https:\/\/transportesfrigorificospadilla.com\/index.php\/servicios-logisticos\/\" \/>\n<meta property=\"og:locale\" content=\"es_ES\" \/>\n<meta property=\"og:type\" content=\"article\" \/>\n<meta property=\"og:title\" content=\"Servicios Log\u00edsticos - Transportes Frigor&iacute;ficos Padilla\" \/>\n<meta property=\"og:description\" content=\"Nuestros Servicios Abarcamos una amplia gama de servicios log\u00edsticos de alta calidad Transportes Frigor\u00edficos Padilla, cuenta con un equipo especialista en el transporte de mercanc\u00edas que requieren mantener una temperatura constante. Freight management Quality management of all your logistics. Partial shipments We offer flexible partial shipment services. Road freight Modern trucks &#038; smart logistic solutions.&hellip;\" \/>\n<meta property=\"og:url\" content=\"https:\/\/transportesfrigorificospadilla.com\/index.php\/servicios-logisticos\/\" \/>\n<meta property=\"og:site_name\" content=\"Transportes Frigor&iacute;ficos Padilla\" \/>\n<meta property=\"article:modified_time\" content=\"2023-10-18T11:38:26+00:00\" \/>\n<meta property=\"og:image\" content=\"https:\/\/transportesfrigorificospadilla.com\/wp-content\/uploads\/2020\/02\/tr015.jpg\" \/>\n\t<meta property=\"og:image:width\" content=\"1500\" \/>\n\t<meta property=\"og:image:height\" content=\"1000\" \/>\n\t<meta property=\"og:image:type\" content=\"image\/jpeg\" \/>\n<meta name=\"twitter:card\" content=\"summary_large_image\" \/>\n<meta name=\"twitter:label1\" content=\"Tiempo de lectura\" \/>\n\t<meta name=\"twitter:data1\" content=\"2 minutos\" \/>\n<script type=\"application\/ld+json\" class=\"yoast-schema-graph\">{\"@context\":\"https:\/\/schema.org\",\"@graph\":[{\"@type\":\"WebPage\",\"@id\":\"https:\/\/transportesfrigorificospadilla.com\/index.php\/servicios-logisticos\/\",\"url\":\"https:\/\/transportesfrigorificospadilla.com\/index.php\/servicios-logisticos\/\",\"name\":\"Servicios Log\u00edsticos - Transportes Frigor&iacute;ficos Padilla\",\"isPartOf\":{\"@id\":\"https:\/\/transportesfrigorificospadilla.com\/#website\"},\"datePublished\":\"2020-02-15T10:36:55+00:00\",\"dateModified\":\"2023-10-18T11:38:26+00:00\",\"breadcrumb\":{\"@id\":\"https:\/\/transportesfrigorificospadilla.com\/index.php\/servicios-logisticos\/#breadcrumb\"},\"inLanguage\":\"es\",\"potentialAction\":[{\"@type\":\"ReadAction\",\"target\":[\"https:\/\/transportesfrigorificospadilla.com\/index.php\/servicios-logisticos\/\"]}]},{\"@type\":\"BreadcrumbList\",\"@id\":\"https:\/\/transportesfrigorificospadilla.com\/index.php\/servicios-logisticos\/#breadcrumb\",\"itemListElement\":[{\"@type\":\"ListItem\",\"position\":1,\"name\":\"Portada\",\"item\":\"https:\/\/transportesfrigorificospadilla.com\/\"},{\"@type\":\"ListItem\",\"position\":2,\"name\":\"Servicios Log\u00edsticos\"}]},{\"@type\":\"WebSite\",\"@id\":\"https:\/\/transportesfrigorificospadilla.com\/#website\",\"url\":\"https:\/\/transportesfrigorificospadilla.com\/\",\"name\":\"Transportes Frigor&iacute;ficos Padilla\",\"description\":\"\",\"publisher\":{\"@id\":\"https:\/\/transportesfrigorificospadilla.com\/#organization\"},\"potentialAction\":[{\"@type\":\"SearchAction\",\"target\":{\"@type\":\"EntryPoint\",\"urlTemplate\":\"https:\/\/transportesfrigorificospadilla.com\/?s={search_term_string}\"},\"query-input\":\"required name=search_term_string\"}],\"inLanguage\":\"es\"},{\"@type\":\"Organization\",\"@id\":\"https:\/\/transportesfrigorificospadilla.com\/#organization\",\"name\":\"Transportes Frigor&iacute;ficos Padilla\",\"url\":\"https:\/\/transportesfrigorificospadilla.com\/\",\"logo\":{\"@type\":\"ImageObject\",\"inLanguage\":\"es\",\"@id\":\"https:\/\/transportesfrigorificospadilla.com\/#\/schema\/logo\/image\/\",\"url\":\"https:\/\/transportesfrigorificospadilla.com\/wp-content\/uploads\/2023\/08\/logo-padilla.png\",\"contentUrl\":\"https:\/\/transportesfrigorificospadilla.com\/wp-content\/uploads\/2023\/08\/logo-padilla.png\",\"width\":1204,\"height\":428,\"caption\":\"Transportes Frigor&iacute;ficos Padilla\"},\"image\":{\"@id\":\"https:\/\/transportesfrigorificospadilla.com\/#\/schema\/logo\/image\/\"}}]}<\/script>\n<!-- \/ Yoast SEO plugin. -->","yoast_head_json":{"title":"Servicios Log\u00edsticos - Transportes Frigor&iacute;ficos Padilla","robots":{"index":"index","follow":"follow","max-snippet":"max-snippet:-1","max-image-preview":"max-image-preview:large","max-video-preview":"max-video-preview:-1"},"canonical":"https:\/\/transportesfrigorificospadilla.com\/index.php\/servicios-logisticos\/","og_locale":"es_ES","og_type":"article","og_title":"Servicios Log\u00edsticos - Transportes Frigor&iacute;ficos Padilla","og_description":"Nuestros Servicios Abarcamos una amplia gama de servicios log\u00edsticos de alta calidad Transportes Frigor\u00edficos Padilla, cuenta con un equipo especialista en el transporte de mercanc\u00edas que requieren mantener una temperatura constante. Freight management Quality management of all your logistics. Partial shipments We offer flexible partial shipment services. Road freight Modern trucks &#038; smart logistic solutions.&hellip;","og_url":"https:\/\/transportesfrigorificospadilla.com\/index.php\/servicios-logisticos\/","og_site_name":"Transportes Frigor&iacute;ficos Padilla","article_modified_time":"2023-10-18T11:38:26+00:00","og_image":[{"width":1500,"height":1000,"url":"https:\/\/transportesfrigorificospadilla.com\/wp-content\/uploads\/2020\/02\/tr015.jpg","type":"image\/jpeg"}],"twitter_card":"summary_large_image","twitter_misc":{"Tiempo de lectura":"2 minutos"},"schema":{"@context":"https:\/\/schema.org","@graph":[{"@type":"WebPage","@id":"https:\/\/transportesfrigorificospadilla.com\/index.php\/servicios-logisticos\/","url":"https:\/\/transportesfrigorificospadilla.com\/index.php\/servicios-logisticos\/","name":"Servicios Log\u00edsticos - Transportes Frigor&iacute;ficos Padilla","isPartOf":{"@id":"https:\/\/transportesfrigorificospadilla.com\/#website"},"datePublished":"2020-02-15T10:36:55+00:00","dateModified":"2023-10-18T11:38:26+00:00","breadcrumb":{"@id":"https:\/\/transportesfrigorificospadilla.com\/index.php\/servicios-logisticos\/#breadcrumb"},"inLanguage":"es","potentialAction":[{"@type":"ReadAction","target":["https:\/\/transportesfrigorificospadilla.com\/index.php\/servicios-logisticos\/"]}]},{"@type":"BreadcrumbList","@id":"https:\/\/transportesfrigorificospadilla.com\/index.php\/servicios-logisticos\/#breadcrumb","itemListElement":[{"@type":"ListItem","position":1,"name":"Portada","item":"https:\/\/transportesfrigorificospadilla.com\/"},{"@type":"ListItem","position":2,"name":"Servicios Log\u00edsticos"}]},{"@type":"WebSite","@id":"https:\/\/transportesfrigorificospadilla.com\/#website","url":"https:\/\/transportesfrigorificospadilla.com\/","name":"Transportes Frigor&iacute;ficos Padilla","description":"","publisher":{"@id":"https:\/\/transportesfrigorificospadilla.com\/#organization"},"potentialAction":[{"@type":"SearchAction","target":{"@type":"EntryPoint","urlTemplate":"https:\/\/transportesfrigorificospadilla.com\/?s={search_term_string}"},"query-input":"required name=search_term_string"}],"inLanguage":"es"},{"@type":"Organization","@id":"https:\/\/transportesfrigorificospadilla.com\/#organization","name":"Transportes Frigor&iacute;ficos Padilla","url":"https:\/\/transportesfrigorificospadilla.com\/","logo":{"@type":"ImageObject","inLanguage":"es","@id":"https:\/\/transportesfrigorificospadilla.com\/#\/schema\/logo\/image\/","url":"https:\/\/transportesfrigorificospadilla.com\/wp-content\/uploads\/2023\/08\/logo-padilla.png","contentUrl":"https:\/\/transportesfrigorificospadilla.com\/wp-content\/uploads\/2023\/08\/logo-padilla.png","width":1204,"height":428,"caption":"Transportes Frigor&iacute;ficos Padilla"},"image":{"@id":"https:\/\/transportesfrigorificospadilla.com\/#\/schema\/logo\/image\/"}}]}},"_links":{"self":[{"href":"https:\/\/transportesfrigorificospadilla.com\/index.php\/wp-json\/wp\/v2\/pages\/16","targetHints":{"allow":["GET"]}}],"collection":[{"href":"https:\/\/transportesfrigorificospadilla.com\/index.php\/wp-json\/wp\/v2\/pages"}],"about":[{"href":"https:\/\/transportesfrigorificospadilla.com\/index.php\/wp-json\/wp\/v2\/types\/page"}],"author":[{"embeddable":true,"href":"https:\/\/transportesfrigorificospadilla.com\/index.php\/wp-json\/wp\/v2\/users\/1"}],"replies":[{"embeddable":true,"href":"https:\/\/transportesfrigorificospadilla.com\/index.php\/wp-json\/wp\/v2\/comments?post=16"}],"version-history":[{"count":10,"href":"https:\/\/transportesfrigorificospadilla.com\/index.php\/wp-json\/wp\/v2\/pages\/16\/revisions"}],"predecessor-version":[{"id":6003,"href":"https:\/\/transportesfrigorificospadilla.com\/index.php\/wp-json\/wp\/v2\/pages\/16\/revisions\/6003"}],"wp:featuredmedia":[{"embeddable":true,"href":"https:\/\/transportesfrigorificospadilla.com\/index.php\/wp-json\/wp\/v2\/media\/154"}],"wp:attachment":[{"href":"https:\/\/transportesfrigorificospadilla.com\/index.php\/wp-json\/wp\/v2\/media?parent=16"}],"curies":[{"name":"wp","href":"https:\/\/api.w.org\/{rel}","templated":true}]}}